Is y composite?
False
Let c be (7 + 2)/(2/1052). Suppose 3*r - c = 903. Suppose 6*b - r = 1499. Is b a prime number?
True
Let b be (-11780)/36 + (-2)/(-9). Suppose -1463 = -3*u - 53. Let x = b + u. Is x prime?
False
Let n(j) = 13*j**3 - 6*j**2 - 27*j - 17. Is n(10) a composite number?
False
Let n be (-1 + -2)*(-2445)/(-9)*-1. Suppose 73*t + n = 78*t. Is t a prime number?
True
Let b(o) = -39*o**2 + 4*o - 2. Let p(l) = -77*l**2 + 7*l - 3. Let t = 19 + -14. Let d(q) = t*b(q) - 3*p(q). Is d(-2) a prime number?
False
Let t = 3 + 1. Suppose 566 = 2*n - q - q, 0 = t*n - 2*q - 1124. Suppose 182 = 2*w + 3*u, -4*w - 3*u = -w - n. Is w a prime number?
True
Let y(w) = 2*w**2 - 3*w. Let n be y(2). Let q(z) = -11*z + 22 + z**2 - 7*z + n*z. Is q(15) composite?
False
Is 9520/(-420)*(-19122)/8 prime?
False
Suppose 5 = -2*o + 5*v + 60, 0 = 3*o - v - 115. Suppose -7*g + 51 + o = 0. Suppose -2*q + 5*b + g = 0, 4*b + 69 = 5*q - 6. Is q a prime number?
True
Let f(h) = h**3 - 8*h**2 + 6*h + 7. Let m be f(7). Suppose -g + 13 + 2 = m. Suppose -5*n - 3*c = g - 90, 4*n - c - 60 = 0. Is n composite?
True
Is (-1908)/(-4770)*-5*(-55466)/4 a composite number?
False
Let d = -1832 - -3589. Is d composite?
True
Is -2*(-3 - (-3)/((-24)/63244)) prime?
True
Suppose 0 = 27*c - 65900 - 49255. Is c a prime number?
False
Let v be 5*(0 + (-12)/(-10)). Let z be 16/4*81/v. Suppose x - z = 73. Is x composite?
False
Suppose 4220 = 4*b - 62024. Is b a prime number?
True
Let s(d) = 3*d + 1. Suppose 4*w + 4 = 8. Let u be s(w). Suppose -3*x = -2*k + u*k - 343, -4*x - 3*k + 457 = 0. Is x a composite number?
True
Suppose 18*r = 31*r - 476983. Is r prime?
True
Suppose -6*o - 833 = -2591. Is o a composite number?
False
Let o be 5476/16 - 1/4. Let s = o + 11. Is s a prime number?
True
Let f be (-15)/(-4) - (-1)/4. Let m(g) = 121*g**2 - 15*g - 9. Let h be m(-6). Suppose -s = f*s + v - h, 0 = -s + v + 885. Is s a prime number?
True
Suppose 4*y - 4 - 4 = 0. Suppose -y*c + f = -2025, -3*f + 10 = -f. Suppose 4*h = 9*h - c. Is h a prime number?
False
Let x = 50 - 50. Suppose -5*f - 521 + 2122 = 4*d, x = d - 5*f - 369. Is d composite?
True
Is ((-11668)/22)/(-2) - 86/473 composite?
True
Suppose 0 = -5*w + 5*u + 41445, -15*u + 20*u = -20. Is w a prime number?
False
Suppose 24*g = 7*g + 167807. Is g composite?
False
Let m = -3654 - -7325. Is m composite?
False
Let z be 2/3*(-4 - -10). Suppose -6 = -z*k - 14, -5*k + 301 = j. Let b = j - 132. Is b a composite number?
False
Suppose 4*t = 8 + 4. Let h = 878 + -530. Suppose i = -t*i + h. Is i prime?
False
Suppose -5 = 3*y + 4, -5*y + 15 = -5*c. Is (-6)/9 - 5338/c a composite number?
True
Suppose 0 = -19*o + 14952 + 34619. Is o composite?
False
Let o(u) = -u**2. Let z be o(0). Suppose -8*x + 3*x + 6295 = z. Is x a composite number?
False
Let u = -47 + 61. Suppose u*b = 17*b - 4629. Is b a prime number?
True
Suppose -6*a = 25*a - 151559. Is a a composite number?
False
Suppose 37*s - 28*s - 99945 = 0. Is s prime?
False
Suppose 12 = 6*z - 3*z. Suppose h + 2*m - 1 = 0, h = 5*m - 3 + z. Is (25/(-15))/(h/(-39)) a composite number?
True
Suppose 3*t = -2*m + 8 - 3, -3*m + 8 = 4*t. Let q(l) be the first derivative of 5*l**3/3 - 2*l**2 - 5*l + 1. Is q(m) a prime number?
True
Let q(i) = -8*i**3 + i**2 + 5*i - 2. Let d(g) = 23*g**3 - 2*g**2 - 14*g + 6. Let l(p) = 6*d(p) + 17*q(p). Is l(4) a prime number?
False
Suppose 1138 = d - 5*k + 202, 3*k = -9. Is d a prime number?
False
Let d(k) = 2*k**2 + 10*k + 37. Is d(-5) a prime number?
True
Let v be (-2)/(3 - (-28)/(-8)). Suppose h - 371 = -4*t, -v*h - h - 2*t = -1801. Is h a composite number?
False
Let c(r) = 4*r**2 - 7*r + 23. Let a be c(8). Suppose -3*w - 3608 = -5*p, -5*p - a = -4*w - 3827. Suppose 1037 = 3*m - p. Is m composite?
False
Let z = -4374 - -13907. Is z prime?
True
Suppose 3*x = 181 + 44. Suppose -l + 4*l - 4*c - 1 = 0, 3*c + 2 = l. Is (x - l) + (5 - 2) prime?
True
Suppose 341 = 5*t - 4*t. Suppose w - 6*c - t = -2*c, -4*c - 983 = -3*w. Is w a prime number?
False
Suppose -3 = -3*c + 2*c. Let b be (7/(28/48))/(2/30). Suppose -c*a + 42 = -b. Is a prime?
False
Let q = 5 + 6. Let m = q + -5. Is -4 + 3/(m/1786) prime?
False
Let i(l) = -86*l**2 - 10*l + 4. Let n be i(11). Let g be (-1)/(4*(-4)/n). Let p = g - -1340. Is p a prime number?
True
Let o = 5247 + -2524. Is o composite?
True
Let a(p) = p**2 - 18*p + 74. Let t be a(6). Let g(b) = b - 1. Let r(n) = 207*n + 4. Let f(w) = g(w) + r(w). Is f(t) a prime number?
True
Suppose 8*a + 136 = 4*a. Let u = a + 219. Is u a composite number?
True
Suppose 29*f - 33*f = -2076. Suppose -5*m + f + 1136 = 0. Is m prime?
True
Suppose -2*b = -3*p + 11 + 154, -2*b = -2*p + 108. Is p a prime number?
False
Let c(u) = -3*u**3 + 3*u**2 - 4*u - 6. Let d be c(-4). Suppose -6*p - d = -p + 5*j, -2*j + 84 = -2*p. Let a = 73 - p. Is a composite?
True
Let x be 12*-1*(-5)/10. Is (69/x)/(2/4) a prime number?
True
Let m(u) = -u**2 + u + 1. Let w(o) = o**2 + 6*o - 9. Let j(p) = -2*m(p) - w(p). Is j(-6) a prime number?
False
Let s(u) = 363*u**2 - u - 45. Is s(8) prime?
False
Let q = -7 + 7. Suppose -c + 592 - 194 = q. Suppose -4*o + 254 = -c. Is o prime?
True
Suppose 2589 + 169 = -4*v + 3*k, -5*v = -5*k + 3445. Let i = -1231 - -833. Let m = i - v. Is m a prime number?
True
Suppose 31172 = -4*m - j + 2*j, -4*m + 3*j - 31180 = 0. Is (0 - -5)/(-4*4/m) a composite number?
True
Suppose 3*r + 2 = 8. Suppose -p + 1272 = 3*k - 6*p, -844 = -r*k + 2*p. Suppose 5*f - 626 = k. Is f a composite number?
True
Let b(q) = -q + 7. Let w be b(-4). Suppose 4*h = -z - h - w, -z - 4*h = 8. Is z a composite number?
True
Suppose -2*z + 10 = -0*z. Let m = z - 6. Is m/(-1 + 36/37) composite?
False
Let p be (-2623)/(3 - (9 + -4))*2. Suppose 5*f - 4423 = 3*o, p = 3*f - 4*o - 22. Is f composite?
False
Let n(h) = 48*h**2 - 7*h + 16. Let i(l) = -l**2 - 6*l. Let g be i(-5). Is n(g) a composite number?
False
Let u = 50 + -52. Let n(l) = -1 + 1 - 13*l. Is n(u) a prime number?
False
Suppose 5*f = 32 + 353. Let d = 811 - f. Is d prime?
False
Let z(j) = j**3 - 13*j**2 + 15. Let p be z(13). Suppose -390 = 5*i + p. Let q = i - -160. Is q a prime number?
True
Let x(f) = -6*f**2 + 7*f - 31. Let g(a) = a**2 + 1. Let q(u) = -5*g(u) - x(u). Let r be q(12). Suppose h + 2*k = 3*k + 46, -r = -2*h + 4*k. Is h a prime number?
False
Let w(v) = -3*v**2 - 3*v + 3. Let k be w(7). Let a(o) = o**3 - o**2 - 6. Let s be a(5). Let j = s - k. Is j a composite number?
True
Suppose 25*t + 13436 = 29*t. Is t composite?
False
Let x(c) = 158*c**2 + 10*c + 49. Is x(-8) a composite number?
True
Let k(u) = 4*u - 13*u - 3 - 3*u**3 + 0*u**3 - 8 + 17*u**2. Let f be k(-13). Is ((-1)/3)/((-10)/f) composite?
True
Let a be (2 + 10/(-8))*4. Suppose -i - a = -2*o, -2 = -2*o - i - 1. Is o/2 - 346/(-4) a prime number?
False
Let q = 5033 - 3226. Is q prime?
False
Let j(f) = f**3 - 9*f**2 + 2*f - 10. Let l(x) = -3*x**3 + 28*x**2 - 5*x + 30. Let v(r) = 7*j(r) + 2*l(r). Is v(8) composite?
True
Let i(z) = -2*z + 2*z - 4*z + 0*z + 3 + z**2. Let c be i(2). Is (c/(-2))/(7/1078) prime?
False
Let m(p) = p. Let g be m(2). Suppose 45 = -5*q + 2*x + 11, 0 = 2*q + g*x + 8. Is (-483)/(-14)*(-8)/q prime?
False
Let k(a) = -6*a**2 - 2*a - 14. Let t(c) = 17*c**2 + 6*c + 42. Let b(f) = 8*k(f) + 3*t(f). Is b(6) a prime number?
False
Suppose -4*n - 3*d + 18662 = 2*d, 3*d - 23321 = -5*n. Is n a prime number?
True
Let m(a) = 3*a**2 - 5*a + 22. Let z be m(16). Suppose -10 = 2*g, -4*g + 5*g = 3*s - z. Is s prime?
False
Let f(j) = j**3 + j**2 + 4*j + 1. Let t(r) = r + 6. Let s be t(0). Suppose 3*g + 5*m - 22 = 0, g - s = -4*m + 6. Is f(g) a prime number?
True
Suppose 4*w + 54686 = 7*w - y, 4*y + 18225 = w. Is w a composite number?
False
Suppose -c - 1110 = -6*c. Let b = 534 - c. Suppose 3*p - 5*p + b = -2*n, 3*p + 3*n = 480. Is p a prime number?
False
Let j(q) be the third derivative of 0*q + 0*q**4 + 8/15*q**6 + 0 - 3*q**2 + 1/6*q**3 - 1/15*q**5. Is j(3) composite?
False
Let o = 7 - 2. Let l = 63 + o. Suppose -5*k + 92 = -5*t - l, 3*k - 97 = 2*t. Is k a composite number?
True
Let u(i) = -5*i. Let w be 1042/(-4) - (-21)/14. Let k be w/49 + 2/7. Is u(k) composite?
True
Let u(x) = -6*x - 6. Let t be u(-4). Let a = -16 + t. Suppose -a*p + p + 85 = 0. Is p a prime number?
False
Let p = 25 + -24. Is (2 - -